tors of b.
7, 11
Suppose -102*g = -317*g + 408456 + 1600504. What are the prime factors of g?
2, 73
Suppose -706828 = -68*n - 150316. List the prime factors of n.
2, 3, 11, 31
Let o(g) = -2*g + 2. Let t be o(4). Let z(h) = 158*h - 3. Let m(i) = -60*i + 2. Let y(s) = -10*m(s) - 4*z(s). List the prime factors of y(t).
2, 23
Let x = -39 - -41. Suppose 4*w = x*q - 122, -2*w - 3*w - 153 = -3*q. Let j = w - -88. What are the prime factors of j?
2, 29
Let d be (-100)/(-5)*(-1 - 66/(-4)). Let n = d - 183. What are the prime factors of n?
127
Let i = -1824 - -5493. What are the prime factors of i?
3, 1223
Suppose 5*x - 3*k - 50041 = 0, -5*x - 20*k + 49999 = -17*k. List the prime factors of x.
2, 41, 61
Let q(s) = -s. Let g(n) = 3*n + 3. Let w(o) = g(o) + 5*q(o). Let b(r) = r**3 + 31*r**2 - 73*r - 231. Let t be b(-33). What are the prime factors of w(t)?
3
Let a(h) = 28*h**2 + 32 - 23*h + 37*h - 12 - 25*h. List the prime factors of a(3).
239
Let g = 309 - 305. Suppose -g*u + 2187 = -l, 2*l - 691 = -2*u + 395. List the prime factors of u.
2, 3, 7, 13
Suppose 12*l - 93 - 963 = 0. Suppose 4*k - l = 84. Let q = k + -35. List the prime factors of q.
2
Suppose -4*p - 82 = -2*j, 0 = -5*p + j - 5*j - 135. Let x = -20 - p. Suppose 2*f - 19 = 3*b + 168, x = b. List the prime factors of f.
2, 7
Suppose 33*w = 187*w - 744128. What are the prime factors of w?
2, 151
Let r = -133950 + 195148. List the prime factors of r.
2, 37, 827
Let v be (-916)/(8/(24/(-3))). Suppose 5*m + 4*k = 2336, -35*k - v = -2*m - 32*k. List the prime factors of m.
2, 29
Let b be (1 - 2/4) + (-2198)/(-28). Suppose -2*g = b + 21. Let o = -34 - g. List the prime factors of o.
2
Suppose h = 5, 9 = 2*s + 3*h - 2*h. Let u be s/(2/(-10) + (-243)/(-1365)). Let a = -81 - u. What are the prime factors of a?
2, 5
Suppose 2*b - 22 = -20. Suppose f + b = 17. Suppose -3*u + 3*m + f + 8 = 0, 2*u - m = 20. What are the prime factors of u?
2, 3
Let z be (-1218)/(28/(-4)) + 3. List the prime factors of (9 - z/12)*-44.
11, 23
Let q(r) = -r**2 + 44*r - 91. Let l be q(30). Let p = 2 + l. List the prime factors of p.
331
Let d(g) = 6*g - 3. Let u be d(3). Suppose -u*z + 3*z + 1044 = 0. What are the prime factors of -2 + z - (-6 + 9)?
2, 41
Let y(q) = -q + 25. Let l be y(-8). Suppose -4*r - 7*r = -l. Suppose -3*a - 219 = -z, a = -r*a - 12. What are the prime factors of z?
2, 3, 5, 7
Let y be (-2)/8 - (-4 - 690/8). Suppose 4*a - 678 = y. List the prime factors of a.
2, 3
Let n(q) = -q**3 + 13*q**2 - 21*q - 7. Let u be n(11). Let y(s) = 166*s - 11. List the prime factors of y(u).
653
Let t(u) be the third derivative of 2*u**5/15 + 25*u**4/12 + 17*u**3/3 + 2*u**2 + 11*u. List the prime factors of t(-14).
2, 11, 41
Suppose -2*d = -103 + 81. Suppose d*t = 15*t - 16. Suppose 2*m = 5*k + m - 550, t*k + 2*m = 440. What are the prime factors of k?
2, 5, 11
Let z be 0 - 476/(-6) - 18/(-27). Suppose -81*n + 1026 = -z*n. List the prime factors of n.
2, 3, 19
Let u = -55 + 58. Let s be (-21 - -1439)*-3*u. List the prime factors of (-10)/(-95) + s/(-57).
2, 7
Let x(s) be the second derivative of -2/3*s**3 + 1/2*s**2 - 9*s + 0 + 53/12*s**4. What are the prime factors of x(1)?
2, 5
Let p = 13313 - 8526. List the prime factors of p.
4787
Let d = 119866 - 53750. List the prime factors of d.
2, 16529
Let z be (-4)/16 + (-668)/16. Let o be 3/(z/(-4)) - 2024/322. What are the prime factors of (-290)/(-4) - (-9)/o?
71
Suppose -3*h + 6*h + 3*v = 5640, -5*v = 25. Suppose 7*i - h = 5829. List the prime factors of i.
2, 19, 29
Let p = 339 + -310. Suppose -p*l = -30*l + 11. What are the prime factors of l?
11
Let i = -2121 - -10454. List the prime factors of i.
13, 641
Let n(t) = t**2. Let s(l) = -l**3 + 4*l**2 - 13*l - 10. Let k(b) = -4*n(b) + s(b). What are the prime factors of k(-9)?
2, 11, 19
Let n(y) = y**2 + y. Let k(c) = 7*c**2 + 4*c + 43. Let r(h) = k(h) - 6*n(h). Suppose -9*l + 2*l + 2*l = 0. What are the prime factors of r(l)?
43
Let c(b) = b**3 + b**2 - b - 1. Suppose 5*h + 39 = 24. Let o(p) = -2*p**3 - 3*p**2 + 18*p + 8. Let i(t) = h*c(t) - o(t). List the prime factors of i(-4).
7, 17
Let s = 323 - 187. Let j = 201 - s. What are the prime factors of j?
5, 13
Suppose 4 = j, 2*c - 5*j - 26 = -9*j. Suppose -3*z - 168 = -5*k + 67, 2*k - c*z - 113 = 0. Let l = k + 45. What are the prime factors of l?
89
Let h = 10277 - -10198. What are the prime factors of h?
3, 5, 7, 13
Let m = 6309 + -3999. Suppose 4*d - 3*d + 2 = 0, -m = -3*b - 3*d. What are the prime factors of b?
2, 193
Suppose 222707 = 112*a - 3207853. What are the prime factors of a?
2, 3, 5, 1021
Let q(s) = 51*s**2 - 11*s - 9. Let y be q(-1). Let r be 9/6*(-4)/(-3). Suppose 4*x + y = m, 5*m - 2*x - 297 = r*x. List the prime factors of m.
61
Let v = -41468 + 75414. What are the prime factors of v?
2, 11, 1543
Let z(n) = 5*n**2 - 2*n - 1. Let s(g) = 7*g**3 - g**2 + 4*g - 3. Let u be s(1). What are the prime factors of z(u)?
2, 5, 23
Suppose 3*k = -2*f - 1535, 5*f - 841 = 2*k + 157. Let c = 972 + k. What are the prime factors of c?
463
Suppose 7*f = -6*f. Suppose f = 13*g - 19*g + 912. List the prime factors of g.
2, 19
Suppose 20 = -12*g - 16. What are the prime factors of ((-65)/g + -1)/((-2)/(-72))?
2, 3, 31
Suppose 5*s = 2*s + 6. Let k(p) = -p**2 - 21*p + 181. Let g be k(7). What are the prime factors of 143/s + -2 + g/(-10)?
71
Let i(a) = -a**3 - 14*a**2 - 3*a - 16. Let f(l) = -12*l + 21. Let y be f(3). What are the prime factors of i(y)?
2, 127
Let r(b) = 95*b**2 + 9*b - 3 + 58*b**2 - 31*b**2 - 14*b. Let s be ((-2)/1)/((-3 + 2)*-2). List the prime factors of r(s).
2, 31
Suppose -5*z - 166 = -3*b, -2*b = -5*z - 105 - 9. Let x be ((-306)/(-8))/(-9)*b. Let v = -76 - x. List the prime factors of v.
5, 29
Let v = -41 - -38. Let y = 5 - v. Let q(o) = 2*o**2 - 12*o + 14. List the prime factors of q(y).
2, 23
Let d(b) = 146*b + 538. List the prime factors of d(22).
2, 3, 5
Suppose 3*x + 4*d = 30732, 128*d - 126*d = 5*x - 51194. What are the prime factors of x?
2, 5
Let p = 465 - -1643. List the prime factors of p.
2, 17, 31
Suppose 30*r + 19725 - 4725 = 0. Let x(y) = -352*y. Let z be x(1). Let i = z - r. List the prime factors of i.
2, 37
List the prime factors of 30*(9 - (-6 - 7249/55)).
2, 3, 367
Let z(t) = 4*t**2 + 9*t + 123. Suppose -251 = -2*i - 279. What are the prime factors of z(i)?
11, 71
Let k(l) = -l**2 + 7*l - 3. Let p be k(3). Let y(o) = o - 4. Let u be y(p). Suppose 4*b + 3*z = -b + 497, -u*b + 505 = -5*z. List the prime factors of b.
2, 5
Let a(y) = 2*y + 4. Let i be a(5). Suppose 4*g - 7074 = -i*g. List the prime factors of g.
3, 131
Suppose 0 = -p + 63*c - 68*c + 19503, 0 = -p - c + 19499. What are the prime factors of p?
2, 9749
Let y(f) = 507*f**2. Let q be y(2). Suppose -b + 504 = -4*t + 2*t, 4*b - 2*t = q. What are the prime factors of b?
2, 127
Let f(n) be the first derivative of -n**3/3 + 19*n**2/2 - 15*n + 2951. Let m = 8 - -2. What are the prime factors of f(m)?
3, 5
Let f be -64*4*(-1)/(-8). Let g be (3/4)/((-172)/f - 5). Suppose -g*q = -85 - 135. List the prime factors of q.
2, 5, 11
Let g = 23677 - 23661. Let n(z) be the first derivative of 9*z**2/2 + 52*z - 1. List the prime factors of n(g).
2, 7
Let h(t) = -2*t**3 + 17*t**2 + 9. Let m be h(8). List the prime factors of m + -2 + 1 + -3.
3, 23
Suppose 58141 = 3*w - 36635. What are the prime factors of w?
2, 11, 359
Suppose 3*u = -3, 9*r - u = 4*r - 9. Let h be r/8 - (-19551)/76. Suppose 0 = -11*i + 282 + h. List the prime factors of i.
7
Suppose 40*r - 3990 = 35*r. Suppose 214 - r = -4*t. What are the prime factors of t?
2, 73
Suppose 2*d = d - 3*u + 18, 0 = u - 5. Let t(s) = -5 + 4*s**2 + 4 - 3*s - 3. What are the prime factors of t(d)?
23
Suppose -4*k + 34 = 26. Suppose 5*t - 3 + 8 = -k*a, 0 = 5*t + 5. List the prime factors of (131 - a) + (2 - 2).
131
Let m = -6060 + 10129. List the prime factors of m.
13, 313
Suppose -3*k - 1097 - 408 = -5*l, 1495 = 5*l - k. What are the prime factors of l?
2, 149
List the prime factors of ((-14852)/(-5))/((-6)/(-15) + 0).
2, 47, 79
Let n(b) = 3*b**2 - 106*b + 4181. What are the prime factors of n(52)?
6781
Suppose -4*b + 3*f = -2*f + 5, -3*b - 10 = -5*f. List the prime factors of 14*(30/14 + b).
2, 5
Let d = -293 + 155. Let k = d + 252. What are the prime fac